e 216 = -19*f + 25*f. Calculate the highest common divisor of f and 12.
12
Let z = -56 - -92. Let u(y) = -23*y**3 - 2*y - 1. Let q be u(-1). What is the highest common factor of q and z?
12
Let u(r) = r - 3. Let s be u(6). Suppose 0 = -t + 9 - s. What is the greatest common divisor of 42 and t?
6
Suppose 4*o - 63 = 81. Suppose -2*s - s + o = 0. Let w(l) = -l**3 + 3*l**2 + 6*l - 4. Let r be w(4). Calculate the highest common factor of s and r.
4
Let p = 56 - 47. Suppose -5*s = -84 - 96. Calculate the highest common factor of p and s.
9
Suppose -70 = -10*w + 890. Calculate the greatest common factor of 36 and w.
12
Let a(s) be the first derivative of s**4 + s**2/2 - s - 3. Let q be a(1). Calculate the greatest common factor of q and 1.
1
Let w(i) = 2*i**2 + 3*i - 4. Let l be w(-4). Let a be (62/(-93))/((2/(-3))/2). What is the highest common divisor of l and a?
2
Let q be 7/(21/60) - 0. What is the greatest common factor of 4 and q?
4
Suppose 3 = -p + 15. Let v be 0 + 11 + 1 + 0. Calculate the greatest common factor of v and p.
12
Let m be -3 + (1 - -1) + 53. What is the greatest common divisor of m and 39?
13
Suppose 0 = v - 3*v + 8. Let m be -2 - (2 - 28*v). What is the greatest common divisor of 12 and m?
12
Let b(m) be the first derivative of 2*m**3/3 - 2*m**2 - 3*m - 7. Let g be b(5). Calculate the highest common divisor of g and 243.
27
Suppose -13 = 4*k + v, -3*k + 0*k - 6 = 2*v. Let l be (-518)/(-10) + k/(-20). Calculate the highest common factor of 13 and l.
13
Let c(q) = -q**3 - q - 2. Let i be c(-2). Let s = -9 - -21. Let w = s - i. What is the greatest common divisor of w and 16?
4
Let l(n) = n + 1. Suppose 0 = 3*k + 6 - 15. Let b be l(k). Let z be 20 + 1 - (2 + -1). Calculate the greatest common factor of z and b.
4
Let n(s) be the second derivative of -s**3/3 + 4*s**2 + 6*s. Let t be n(-6). Calculate the greatest common factor of t and 30.
10
Let p be 1/2 + 18/12. Let a(z) = 16*z + 1. Let b be a(p). Suppose b = 3*v + 6. Calculate the greatest common factor of 45 and v.
9
Let d(o) = -o**3 + 2*o**2 + 3*o. Let a be d(-3). Let r be 1*-1*a/(-6). Calculate the highest common factor of r and 42.
6
Suppose 3*n + 1 + 2 = 0. Let u be (-1 + 2 + -3)/n. What is the greatest common factor of u and 4?
2
Let x be 297*(13/3 - 4). Calculate the greatest common factor of 11 and x.
11
Let t(c) = c**3 - 9*c**2 + 10*c - 12. Let s be t(8). Suppose 2*i + s*m = 8, -m + 27 = 3*i + 2*m. Calculate the greatest common divisor of i and 35.
7
Let q(w) = -2*w**2 - 4. Let o be q(4). Let r be (1 - (o - -1))*1. Suppose 5*c - 109 = 11. What is the highest common divisor of r and c?
12
Suppose 3*a = 5*t - 26, 3*t - 20 = -t + 2*a. Let m(v) = v**3 - 4*v**2 + 3*v + 1. Let u be m(3). What is the highest common factor of u and t?
1
Suppose -2*c = -4*c + 100. Suppose -2*j + c = -38. Calculate the greatest common divisor of 4 and j.
4
Suppose -2*m - y + 16 = y, 15 = 5*y. Suppose 24 = -q + m*q. Suppose -q*i = -i - 10. Calculate the highest common factor of 18 and i.
2
Suppose 240 = -5*m + 10*m. Calculate the highest common factor of m and 32.
16
Suppose 2*w = 22 + 14. Calculate the greatest common divisor of 2 and w.
2
Suppose -2*x + 4 = 2*x. Suppose 5*g + x = 56. What is the greatest common divisor of g and 11?
11
Let d = -47 + 69. Calculate the highest common divisor of 22 and d.
22
Let v = -12 - -27. Suppose -30 = -3*n + 3*h, v = n - 3*h + 3. Calculate the greatest common factor of n and 6.
3
Suppose 4*o - 143 - 145 = 0. Suppose -2*c = -w - 3*c + 10, -w + 2*c = -4. Calculate the greatest common factor of o and w.
8
Suppose 3*s - 9 = 33. Calculate the greatest common divisor of 112 and s.
14
Let v = 13 - 8. Suppose v*o - 935 = -0*o. Calculate the greatest common divisor of o and 17.
17
Let g(z) = -z + 20. Let q be g(7). Calculate the greatest common divisor of q and 52.
13
Let o = 13 + 9. Let h be (-4)/o - (-204)/33. Suppose z - 2 - h = 0. What is the greatest common factor of 56 and z?
8
Let n be 2/(-4) - 6/(-12). Suppose 3*d + 3*b + 15 = n, -3*d + b = 2*d + 13. Let j be (-453)/(-15) - d/(-15). What is the greatest common factor of 10 and j?
10
Let u(f) = f**2 + 11*f + 7. Let g be u(-11). What is the highest common factor of 56 and g?
7
Let l(s) = -13*s - 2. Let g be l(-2). Suppose 4*p + 2*z - g = 0, p + 3*z - 16 = -0*p. What is the highest common divisor of 6 and p?
2
Suppose 0*a = 4*a - 228. Calculate the greatest common factor of 38 and a.
19
Suppose -q - 5*p = 2*q - 335, 2*p + 10 = 0. Calculate the highest common factor of 8 and q.
8
Let h(s) = 2*s**2 + 3*s. Let g be h(-4). What is the greatest common divisor of 20 and g?
20
Let l be 1185/18 + 4/24. Calculate the greatest common divisor of 11 and l.
11
Let o(w) be the third derivative of 1/2*w**4 + 0 + 0*w + 0*w**3 - 2*w**2 - 1/60*w**5. Let z be o(5). What is the greatest common divisor of 14 and z?
7
Suppose -3*i - i = -3*h + 11, -3*i + 4*h - 10 = 0. Let w be 22/4*(-40)/i. What is the greatest common factor of 10 and w?
10
Let w(z) = 28*z**2 + z - 1. Let h be w(-1). Calculate the greatest common divisor of h and 65.
13
Suppose -44 + 366 = 2*x. What is the highest common factor of x and 23?
23
Suppose -5*f + 65 = y + 15, 0 = 2*f + 8. Suppose -4*b = n - 6, 4*b - 62 = -6*n + n. Calculate the highest common divisor of y and n.
14
Suppose -3*k + 6 = -6*k, -2*r + 5*k = -18. Suppose -5*w + 3*u - 8 = -4*w, 2*w = u + r. Suppose 2 = w*v - 46. What is the greatest common factor of v and 108?
12
Suppose 3*k = -62 - 91. Let j be k/(-15) + 2/(-5). What is the highest common factor of j and 27?
3
Let q be (2 - (-4)/(-2)) + 4. Let p be 65 - 2 - q/(-2). Suppose -88 = -4*b + 4*r + 12, b = -2*r + 28. What is the greatest common factor of p and b?
13
Suppose 4*a - 14 = -6. Calculate the highest common factor of a and 4.
2
Let v = -8 + 15. Let t = -5 + v. Let r be t*1 + 1 + 5. What is the highest common divisor of 24 and r?
8
Suppose -13 + 3 = -2*a. Suppose -2*m = -0*m + 2*n - 10, -3*m + 36 = -4*n. Suppose 0 = a*b - m - 7. What is the greatest common factor of 27 and b?
3
Let m(r) = -3*r**2 + 6*r**2 - 1 + 26*r**2. Let p be m(-1). What is the highest common factor of 4 and p?
4
Suppose 0 = 3*p + p + 96. Let j = p + 52. Let o = j - 18. Calculate the highest common divisor of 80 and o.
10
Let n(u) = -5*u - 3. Let z be n(-2). Let c(x) = 4*x + 4. Let a be c(6). Calculate the highest common factor of z and a.
7
Suppose 0*h - 5*h + 25 = 0. What is the highest common divisor of 35 and h?
5
Let h = -1 - -2. Suppose 0 = 8*g - g - 35. What is the highest common factor of h and g?
1
Let i(w) = -w**3 + w**2 + 5*w + 3. Let n = -11 - -8. Let g be i(n). Suppose 5*x - 39 - 21 = 0. What is the highest common factor of x and g?
12
Let v(c) = c**2 - 6*c + 2. Let t be v(6). Let z = 9 - 3. Calculate the highest common factor of t and z.
2
Suppose 3*q + 4*w = 16, 2*q = 4*q + 3*w - 9. Let g = 5 + -3. Suppose g*h - 3*h + 5*r = -38, 5*h - 78 = -3*r. What is the highest common factor of h and q?
6
Let i(a) = -a**3 - 9*a**2 + 11*a + 15. Let k be i(-10). Suppose -k*p + 577 = 127. Calculate the highest common factor of p and 10.
10
Let z(q) = -2*q - 3. Let k be z(-3). Let j be 0 + (k + -2)*2. What is the highest common divisor of 4 and j?
2
Suppose 0*n - 19 = -5*n - 4*m, m = n - 11. Let x be -8 + 7 + 1*n. Suppose 0 = -3*s + 8 + 1. What is the highest common factor of s and x?
3
Suppose h = -0*h + 76. What is the greatest common divisor of h and 19?
19
Let d = 19 + -13. What is the greatest common factor of d and 3?
3
Suppose 5*y - 13 - 2 = 0. Suppose -y*o + 50 = -1. Suppose 5*w - 961 + 26 = 0. What is the greatest common factor of o and w?
17
Suppose -2*o = 2*o - 480. Let p(k) = -k**2 - 7*k - 6. Let j be p(-6). Suppose j = -0*f - f + 15. Calculate the highest common divisor of f and o.
15
Let p = 77 - 71. Calculate the highest common divisor of p and 8.
2
Suppose 14 = 3*o + 299. Suppose 4*y + 4*v = -244 - 24, y = -5*v - 83. Let b = y - o. Calculate the highest common divisor of 8 and b.
8
Let u = -20 - -30. Suppose u = -5*w, -5*x - 10 = -w - 52. What is the greatest common factor of 40 and x?
8
Let a be 4/(-12) + (-241)/(-3). Let r = -47 - -79. What is the highest common factor of r and a?
16
Let q(p) = p + 11. Let o(u) = -2*u - 3. Let z be o(2). Let s be q(z). C